{"id":30,"date":"2025-09-01T10:54:07","date_gmt":"2025-09-01T10:54:07","guid":{"rendered":"https:\/\/cpps-cancer.uav.ro\/?page_id=30"},"modified":"2026-01-23T13:17:55","modified_gmt":"2026-01-23T13:17:55","slug":"rezultate","status":"publish","type":"page","link":"https:\/\/elsteamsust.uav.ro\/?page_id=30","title":{"rendered":"Rezultate estimate"},"content":{"rendered":"\n<p>Participarea unui num\u0103r de&nbsp;<strong>2000 elevi de gimnaziu \u0219i liceu<\/strong>&nbsp;din&nbsp;<strong>100 clase<\/strong> provenind din&nbsp;<strong>26 \u0219coli \u0219i licee<\/strong>, incluz\u00e2nd&nbsp;<strong>20 clase de gimnaziu din mediul rural<\/strong>; organizarea a&nbsp;<strong>9 vizite<\/strong>&nbsp;pentru elevi \u00een laboratoarele de cercetare ale Universit\u0103\u021bii \u201eAurel Vlaicu\u201d din Arad; derularea a&nbsp;<strong>14 workshopuri tematice<\/strong>&nbsp;si&nbsp;<strong>3 ateliere experimentale<\/strong>&nbsp;<strong>dedicate elevilor<\/strong>, cu accent pe interdisciplinaritate \u0219i aplicabilitate practic\u0103; organizarea a&nbsp;<strong>4 competi\u0163ii<\/strong>&nbsp;cu premii pentru elevi, care s\u0103 stimuleze creativitatea, inova\u021bia \u0219i implicarea activ\u0103; realizarea a&nbsp;<strong>2&nbsp;workshopuri<\/strong>&nbsp;<strong>pentru cadre didactice<\/strong>&nbsp;din \u0219coli \u0219i licee, axate pe metode moderne de predare \u0219i integrarea tematicilor STEAM \u00een curriculum;&nbsp;<strong>o revist\u0103<\/strong>&nbsp;digital\u0103&nbsp;;&nbsp;<strong>website<\/strong>-ul proiectului.<\/p>\n\n\n\n<p><\/p>\n\n\n\n<figure class=\"wp-block-gallery has-nested-images columns-default is-cropped wp-block-gallery-1 is-layout-flex wp-block-gallery-is-layout-flex\">\n<figure class=\"wp-block-image size-large\"><img loading=\"lazy\" decoding=\"async\" width=\"1024\" height=\"1024\" data-id=\"1009\" src=\"https:\/\/elsteamsust.uav.ro\/wp-content\/uploads\/2026\/01\/Poza-rezultate-proiect-SS-1024x1024.jpg\" alt=\"\" class=\"wp-image-1009\" srcset=\"https:\/\/elsteamsust.uav.ro\/wp-content\/uploads\/2026\/01\/Poza-rezultate-proiect-SS-1024x1024.jpg 1024w, https:\/\/elsteamsust.uav.ro\/wp-content\/uploads\/2026\/01\/Poza-rezultate-proiect-SS-300x300.jpg 300w, https:\/\/elsteamsust.uav.ro\/wp-content\/uploads\/2026\/01\/Poza-rezultate-proiect-SS-150x150.jpg 150w, https:\/\/elsteamsust.uav.ro\/wp-content\/uploads\/2026\/01\/Poza-rezultate-proiect-SS-768x768.jpg 768w, https:\/\/elsteamsust.uav.ro\/wp-content\/uploads\/2026\/01\/Poza-rezultate-proiect-SS-1536x1536.jpg 1536w, https:\/\/elsteamsust.uav.ro\/wp-content\/uploads\/2026\/01\/Poza-rezultate-proiect-SS-2048x2048.jpg 2048w\" sizes=\"auto, (max-width: 1024px) 100vw, 1024px\" \/><\/figure>\n<\/figure>\n\n\n\n<p><\/p>\n","protected":false},"excerpt":{"rendered":"<p>Participarea unui num\u0103r de&nbsp;2000 elevi de gimnaziu \u0219i liceu&nbsp;din&nbsp;100 clase provenind din&nbsp;26 \u0219coli \u0219i licee, incluz\u00e2nd&nbsp;20 clase de gimnaziu din mediul rural; organizarea a&nbsp;9 vizite&nbsp;pentru elevi \u00een laboratoarele de cercetare ale Universit\u0103\u021bii \u201eAurel Vlaicu\u201d din Arad; derularea a&nbsp;14 workshopuri tematice&nbsp;si&nbsp;3 &hellip; <a href=\"https:\/\/elsteamsust.uav.ro\/?page_id=30\">Continue reading <span class=\"meta-nav\">&rarr;<\/span><\/a><\/p>\n","protected":false},"author":1,"featured_media":0,"parent":0,"menu_order":0,"comment_status":"closed","ping_status":"closed","template":"","meta":{"footnotes":""},"class_list":["post-30","page","type-page","status-publish","hentry"],"_links":{"self":[{"href":"https:\/\/elsteamsust.uav.ro\/index.php?rest_route=\/wp\/v2\/pages\/30","targetHints":{"allow":["GET"]}}],"collection":[{"href":"https:\/\/elsteamsust.uav.ro\/index.php?rest_route=\/wp\/v2\/pages"}],"about":[{"href":"https:\/\/elsteamsust.uav.ro\/index.php?rest_route=\/wp\/v2\/types\/page"}],"author":[{"embeddable":true,"href":"https:\/\/elsteamsust.uav.ro\/index.php?rest_route=\/wp\/v2\/users\/1"}],"replies":[{"embeddable":true,"href":"https:\/\/elsteamsust.uav.ro\/index.php?rest_route=%2Fwp%2Fv2%2Fcomments&post=30"}],"version-history":[{"count":15,"href":"https:\/\/elsteamsust.uav.ro\/index.php?rest_route=\/wp\/v2\/pages\/30\/revisions"}],"predecessor-version":[{"id":1012,"href":"https:\/\/elsteamsust.uav.ro\/index.php?rest_route=\/wp\/v2\/pages\/30\/revisions\/1012"}],"wp:attachment":[{"href":"https:\/\/elsteamsust.uav.ro\/index.php?rest_route=%2Fwp%2Fv2%2Fmedia&parent=30"}],"curies":[{"name":"wp","href":"https:\/\/api.w.org\/{rel}","templated":true}]}}