{"id":27,"date":"2025-09-01T10:54:07","date_gmt":"2025-09-01T10:54:07","guid":{"rendered":"https:\/\/cpps-cancer.uav.ro\/?page_id=27"},"modified":"2025-10-08T13:30:40","modified_gmt":"2025-10-08T13:30:40","slug":"obiective","status":"publish","type":"page","link":"https:\/\/elsteamsust.uav.ro\/?page_id=27","title":{"rendered":"Activit\u0103\u0163i"},"content":{"rendered":"\n<p>Principalele activit\u0103\u021bi ale proiectului sunt:<\/p>\n\n\n\n<ul class=\"wp-block-list\">\n<li>Prelegeri \u00een \u0219coli;<\/li>\n\n\n\n<li>Vizite \u00een laboratoare;<\/li>\n\n\n\n<li>Competi\u021bii de comunicare a \u0219tiin\u021bei &#8211; FameLab;<\/li>\n\n\n\n<li>Workshopuri;<\/li>\n\n\n\n<li>Caravana \u0219tiin\u021bei;<\/li>\n\n\n\n<li>Sesiuni de formare pentru profesorii din \u00eenv\u0103\u021b\u0103m\u00e2ntul preuniversitar;<\/li>\n\n\n\n<li>Evaluare satisfac\u021bie participan\u021bi la activit\u0103\u021bile proiectului.<\/li>\n<\/ul>\n\n\n\n<p>Membrii<\/p>\n\n\n\n<ul class=\"wp-block-list\">\n<li><a href=\"https:\/\/elsteamsust.uav.ro\/?page_id=385\">Institutul de Cercetare Interdisciplinar<\/a><\/li>\n\n\n\n<li><a href=\"https:\/\/elsteamsust.uav.ro\/?page_id=387\">Facultatea de Inginerie Alimentar\u0103, Turism \u015fi Protec\u0163ia Mediului<\/a><\/li>\n\n\n\n<li><a href=\"https:\/\/elsteamsust.uav.ro\/?page_id=389\">Facultatea de Inginerie<\/a><\/li>\n\n\n\n<li><a href=\"https:\/\/elsteamsust.uav.ro\/?page_id=391\">Facultatea de \u0218tiin\u021be Exacte<\/a><\/li>\n\n\n\n<li><a href=\"https:\/\/elsteamsust.uav.ro\/?page_id=393\">Facultatea de Educa\u021bie Fizic\u0103 \u0219i Sport<\/a><\/li>\n\n\n\n<li><a href=\"https:\/\/elsteamsust.uav.ro\/?page_id=395\">Facultatea de Teologie Ortodox\u0103 \u201cIlarion V. Felea\u201d<\/a><\/li>\n\n\n\n<li><a href=\"https:\/\/elsteamsust.uav.ro\/?page_id=397\">Facultatea de Design<\/a><\/li>\n<\/ul>\n\n\n\n<p><\/p>\n","protected":false},"excerpt":{"rendered":"<p>Principalele activit\u0103\u021bi ale proiectului sunt: Membrii<\/p>\n","protected":false},"author":1,"featured_media":0,"parent":0,"menu_order":0,"comment_status":"closed","ping_status":"closed","template":"","meta":{"footnotes":""},"class_list":["post-27","page","type-page","status-publish","hentry"],"_links":{"self":[{"href":"https:\/\/elsteamsust.uav.ro\/index.php?rest_route=\/wp\/v2\/pages\/27","targetHints":{"allow":["GET"]}}],"collection":[{"href":"https:\/\/elsteamsust.uav.ro\/index.php?rest_route=\/wp\/v2\/pages"}],"about":[{"href":"https:\/\/elsteamsust.uav.ro\/index.php?rest_route=\/wp\/v2\/types\/page"}],"author":[{"embeddable":true,"href":"https:\/\/elsteamsust.uav.ro\/index.php?rest_route=\/wp\/v2\/users\/1"}],"replies":[{"embeddable":true,"href":"https:\/\/elsteamsust.uav.ro\/index.php?rest_route=%2Fwp%2Fv2%2Fcomments&post=27"}],"version-history":[{"count":8,"href":"https:\/\/elsteamsust.uav.ro\/index.php?rest_route=\/wp\/v2\/pages\/27\/revisions"}],"predecessor-version":[{"id":439,"href":"https:\/\/elsteamsust.uav.ro\/index.php?rest_route=\/wp\/v2\/pages\/27\/revisions\/439"}],"wp:attachment":[{"href":"https:\/\/elsteamsust.uav.ro\/index.php?rest_route=%2Fwp%2Fv2%2Fmedia&parent=27"}],"curies":[{"name":"wp","href":"https:\/\/api.w.org\/{rel}","templated":true}]}}