{"id":230,"date":"2025-09-01T09:11:26","date_gmt":"2025-09-01T09:11:26","guid":{"rendered":"https:\/\/cpps-cancer.uav.ro\/?page_id=230"},"modified":"2025-09-17T07:51:30","modified_gmt":"2025-09-17T07:51:30","slug":"informatii-despre-proiect","status":"publish","type":"page","link":"https:\/\/elsteamsust.uav.ro\/?page_id=230","title":{"rendered":"Informatii despre proiect"},"content":{"rendered":"\n<p><strong>PN-IV-P10-SS-SC-2024-0128<\/strong><\/p>\n\n\n\n<p><strong>\u0218coli partenere<\/strong><\/p>\n\n\n\n<ul class=\"wp-block-list\">\n<li><strong>Palatul Copiilor Arad<\/strong><\/li>\n<\/ul>\n\n\n\n<p><strong>26 unit\u0103\u0163i de \u00eenv\u0103\u0163\u0103m\u00e2nt preuniversitar:<\/strong><\/p>\n\n\n\n<p><strong>9 \u0219coli<\/strong>\u00a0<strong>gimnaziale\u00a0<\/strong>din judetul Arad si din municipiul Arad: <\/p>\n\n\n\n<ul class=\"wp-block-list\">\n<li>\u0218coala Peregu Mare<\/li>\n\n\n\n<li>\u0218coala Gimnazial\u0103 \u201cCaius Iacob\u201d, Arad<\/li>\n\n\n\n<li>\u0218coala Gimnazial\u0103 \u201cRegina Maria\u201d, Arad<\/li>\n\n\n\n<li>\u0218coala Gimnazial\u0103 \u201cAdam Nicolae\u201d, Arad<\/li>\n\n\n\n<li>\u0218coala Gimnazial\u0103 \u201cAurel Vlaicu\u201d, Arad<\/li>\n\n\n\n<li>\u0218coala Gimnazial\u0103 Pilu<\/li>\n\n\n\n<li>\u0218coala Gimnazial\u0103 \u201cCorneliu Miclo\u015fi\u201d, Cov\u0103s\u00e2n\u0163<\/li>\n\n\n\n<li>\u0218coala Gimnazial\u0103 \u201cPavel Covaci\u201d, Macea<\/li>\n\n\n\n<li>\u0218coala Gimnazial\u0103 \u201cGabriel Brola\u201d, Buteni.<\/li>\n<\/ul>\n\n\n\n<p><strong>17 licee\/colegii na\u0163ionale<\/strong>\u00a0din judetul Arad si din municipiul Arad:<\/p>\n\n\n\n<ul class=\"wp-block-list\">\n<li>Colegiul Na\u0163ional \u201cPreparandia &#8211; Dimitrie \u0162ichindeal\u201d, Arad<\/li>\n\n\n\n<li>Colegiul Na\u0163ional \u201cGhiba Birta\u201d, Arad<\/li>\n\n\n\n<li>Colegiul Na\u0163ional \u201cVasile Goldi\u015f\u201d, Arad<\/li>\n\n\n\n<li>Liceul Baptist \u201cAlexa Popovici\u201d, Arad<\/li>\n\n\n\n<li>Liceul Tehnologic \u201cSava Brancovici\u201d, Ineu<\/li>\n\n\n\n<li>Liceul Teoretic \u201cGheorghe Laz\u0103r&#8221;, Pecica<\/li>\n\n\n\n<li>Liceul Tehnologic De Electronic\u0103 \u0218i Automatiz\u0103ri &#8220;Caius Iacob&#8221; Arad<\/li>\n\n\n\n<li>Liceul Tehnologic Vinga<\/li>\n\n\n\n<li>Colegiul \u201cMihai Viteazul\u201d, Ineu<\/li>\n\n\n\n<li>Liceul Teoretic Sebi\u015f<\/li>\n\n\n\n<li>Liceul Tehnologic \u201cIon Creang\u0103\u201d, Curtici<\/li>\n\n\n\n<li>Liceul \u201cSever Bocu\u201d, Lipova<\/li>\n\n\n\n<li>Liceul Tehnologic \u201cFrancisc Neuman\u201d, Arad<\/li>\n\n\n\n<li>Liceul Na\u0163ional de Informatic\u0103, Arad<\/li>\n\n\n\n<li>Colegiul \u201cCsiky Gergely\u201d Arad<\/li>\n\n\n\n<li>Liceul de Arte \u201cSabin Dr\u0103goi\u201d, Arad<\/li>\n\n\n\n<li>Liceul \u201cAtanasie Marinescu\u201d, Lipova.<\/li>\n<\/ul>\n\n\n\n<p><\/p>\n\n\n\n<p><\/p>\n","protected":false},"excerpt":{"rendered":"<p>PN-IV-P10-SS-SC-2024-0128 \u0218coli partenere 26 unit\u0103\u0163i de \u00eenv\u0103\u0163\u0103m\u00e2nt preuniversitar: 9 \u0219coli\u00a0gimnaziale\u00a0din judetul Arad si din municipiul Arad: 17 licee\/colegii na\u0163ionale\u00a0din judetul Arad si din municipiul Arad:<\/p>\n","protected":false},"author":1,"featured_media":0,"parent":0,"menu_order":0,"comment_status":"closed","ping_status":"closed","template":"","meta":{"footnotes":""},"class_list":["post-230","page","type-page","status-publish","hentry"],"_links":{"self":[{"href":"https:\/\/elsteamsust.uav.ro\/index.php?rest_route=\/wp\/v2\/pages\/230","targetHints":{"allow":["GET"]}}],"collection":[{"href":"https:\/\/elsteamsust.uav.ro\/index.php?rest_route=\/wp\/v2\/pages"}],"about":[{"href":"https:\/\/elsteamsust.uav.ro\/index.php?rest_route=\/wp\/v2\/types\/page"}],"author":[{"embeddable":true,"href":"https:\/\/elsteamsust.uav.ro\/index.php?rest_route=\/wp\/v2\/users\/1"}],"replies":[{"embeddable":true,"href":"https:\/\/elsteamsust.uav.ro\/index.php?rest_route=%2Fwp%2Fv2%2Fcomments&post=230"}],"version-history":[{"count":6,"href":"https:\/\/elsteamsust.uav.ro\/index.php?rest_route=\/wp\/v2\/pages\/230\/revisions"}],"predecessor-version":[{"id":310,"href":"https:\/\/elsteamsust.uav.ro\/index.php?rest_route=\/wp\/v2\/pages\/230\/revisions\/310"}],"wp:attachment":[{"href":"https:\/\/elsteamsust.uav.ro\/index.php?rest_route=%2Fwp%2Fv2%2Fmedia&parent=230"}],"curies":[{"name":"wp","href":"https:\/\/api.w.org\/{rel}","templated":true}]}}

<p><strong>PN-IV-P10-SS-SC-2024-0128</strong></p>



<p><strong>Școli partenere</strong></p>



<ul class="wp-block-list">
<li><strong>Palatul Copiilor Arad</strong></li>
</ul>



<p><strong>26 unităţi de învăţământ preuniversitar:</strong></p>



<p><strong>9 școli</strong> <strong>gimnaziale </strong>din judetul Arad si din municipiul Arad: </p>



<ul class="wp-block-list">
<li>Școala Peregu Mare</li>



<li>Școala Gimnazială “Caius Iacob”, Arad</li>



<li>Școala Gimnazială “Regina Maria”, Arad</li>



<li>Școala Gimnazială “Adam Nicolae”, Arad</li>



<li>Școala Gimnazială “Aurel Vlaicu”, Arad</li>



<li>Școala Gimnazială Pilu</li>



<li>Școala Gimnazială “Corneliu Micloşi”, Covăsânţ</li>



<li>Școala Gimnazială “Pavel Covaci”, Macea</li>



<li>Școala Gimnazială “Gabriel Brola”, Buteni.</li>
</ul>



<p><strong>17 licee/colegii naţionale</strong> din judetul Arad si din municipiul Arad:</p>



<ul class="wp-block-list">
<li>Colegiul Naţional “Preparandia &#8211; Dimitrie Ţichindeal”, Arad</li>



<li>Colegiul Naţional “Ghiba Birta”, Arad</li>



<li>Colegiul Naţional “Vasile Goldiş”, Arad</li>



<li>Liceul Baptist “Alexa Popovici”, Arad</li>



<li>Liceul Tehnologic “Sava Brancovici”, Ineu</li>



<li>Liceul Teoretic “Gheorghe Lazăr&#8221;, Pecica</li>



<li>Liceul Tehnologic De Electronică Și Automatizări &#8220;Caius Iacob&#8221; Arad</li>



<li>Liceul Tehnologic Vinga</li>



<li>Colegiul “Mihai Viteazul”, Ineu</li>



<li>Liceul Teoretic Sebiş</li>



<li>Liceul Tehnologic “Ion Creangă”, Curtici</li>



<li>Liceul “Sever Bocu”, Lipova</li>



<li>Liceul Tehnologic “Francisc Neuman”, Arad</li>



<li>Liceul Naţional de Informatică, Arad</li>



<li>Colegiul “Csiky Gergely” Arad</li>



<li>Liceul de Arte “Sabin Drăgoi”, Arad</li>



<li>Liceul “Atanasie Marinescu”, Lipova.</li>
</ul>



<p></p>



<p></p>

<p>PN-IV-P10-SS-SC-2024-0128 Școli partenere 26 unităţi de învăţământ preuniversitar: 9 școli gimnaziale din judetul Arad si din municipiul Arad: 17 licee/colegii naţionale din judetul Arad si din municipiul Arad:</p>
